1, 33391
List the prime factors of 158202.
2, 3, 11, 17, 47
List the prime factors of 2044842.
2, 3, 37, 61, 151
What are the prime factors of 33128?
2, 41, 101
List the prime factors of 981678.
2, 3, 163613
List the prime factors of 3911413.
11, 73, 4871
List the prime factors of 3096490.
2, 5, 23, 13463
What are the prime factors of 11360351?
11360351
What are the prime factors of 10359823?
71, 79, 1847
List the prime factors of 177784.
2, 71, 313
List the prime factors of 4259389.
4259389
What are the prime factors of 159400?
2, 5, 797
What are the prime factors of 8434577?
631, 13367
What are the prime factors of 8084?
2, 43, 47
What are the prime factors of 109318?
2, 11, 4969
List the prime factors of 1217009.
1217009
What are the prime factors of 4973927?
7, 710561
What are the prime factors of 874677?
3, 291559
List the prime factors of 1787386.
2, 29, 30817
List the prime factors of 12750.
2, 3, 5, 17
List the prime factors of 192330.
2, 3, 5, 2137
List the prime factors of 318133.
79, 4027
List the prime factors of 865287.
3, 79, 1217
List the prime factors of 612716.
2, 13, 11783
List the prime factors of 2719715.
5, 103, 5281
List the prime factors of 34466309.
34466309
What are the prime factors of 243256?
2, 13, 2339
What are the prime factors of 12974945?
5, 2594989
List the prime factors of 242278.
2, 121139
List the prime factors of 173545.
5, 61, 569
What are the prime factors of 5705287?
7, 397, 2053
List the prime factors of 2041011.
3, 7, 10799
List the prime factors of 501753.
3, 7, 23893
List the prime factors of 3912041.
7, 558863
What are the prime factors of 809038?
2, 31, 13049
List the prime factors of 23383297.
7, 37, 137, 659
List the prime factors of 524630.
2, 5, 23, 2281
List the prime factors of 96990.
2, 3, 5, 53, 61
List the prime factors of 23082190.
2, 5, 2308219
List the prime factors of 495252.
2, 3, 13757
List the prime factors of 118061.
118061
List the prime factors of 957727.
743, 1289
List the prime factors of 5212995.
3, 5, 347533
What are the prime factors of 548825?
5, 29, 757
What are the prime factors of 14354375?
5, 7, 17, 193
What are the prime factors of 11986943?
83, 139, 1039
What are the prime factors of 140825?
5, 43, 131
List the prime factors of 354131.
23, 89, 173
What are the prime factors of 1557012?
2, 3, 19, 6829
What are the prime factors of 3380474?
2, 347, 4871
List the prime factors of 2549434.
2, 61, 20897
What are the prime factors of 18663545?
5, 73, 51133
What are the prime factors of 94886?
2, 11, 19, 227
List the prime factors of 6898338.
2, 3, 127747
List the prime factors of 341631.
3, 12653
What are the prime factors of 10955041?
10955041
What are the prime factors of 415708?
2, 103, 1009
What are the prime factors of 545265?
3, 5, 7, 577
List the prime factors of 1139257.
7, 162751
What are the prime factors of 1070516?
2, 267629
List the prime factors of 853875.
3, 5, 11, 23
List the prime factors of 8123088.
2, 3, 229, 739
What are the prime factors of 407645?
5, 7, 19, 613
List the prime factors of 35197.
61, 577
List the prime factors of 1864137.
3, 11, 56489
List the prime factors of 4863945.
3, 5, 43, 7541
List the prime factors of 14299.
79, 181
What are the prime factors of 142019?
142019
What are the prime factors of 6701095?
5, 331, 4049
What are the prime factors of 1095009?
3, 365003
What are the prime factors of 2669444?
2, 667361
What are the prime factors of 7627752?
2, 3, 11, 9631
List the prime factors of 762123.
3, 254041
List the prime factors of 5558062.
2, 2779031
List the prime factors of 1580104.
2, 263, 751
List the prime factors of 889225.
5, 35569
List the prime factors of 351523.
157, 2239
What are the prime factors of 13375882?
2, 13, 151, 3407
What are the prime factors of 155335?
5, 47, 661
What are the prime factors of 3016051?
3016051
List the prime factors of 219905.
5, 7, 61, 103
List the prime factors of 81133.
13, 79
What are the prime factors of 4327071?
3, 7, 206051
What are the prime factors of 22465?
5, 4493
What are the prime factors of 31135719?
3, 1171, 8863
What are the prime factors of 277848?
2, 3, 17, 227
List the prime factors of 7487830.
2, 5, 7, 41, 2609
List the prime factors of 520258.
2, 19, 13691
List the prime factors of 23932.
2, 31, 193
What are the prime factors of 19123?
13, 1471
List the prime factors of 521032.
2, 65129
What are the prime factors of 9623854?
2, 4811927
What are the prime factors of 6460001?
41, 157561
List the prime factors of 209944.
2, 7, 23, 163
List the prime factors of 1950940.
2, 5, 97547
What are the prime factors of 1100721?
3, 366907
What are the prime factors of 1624082?
2, 19, 79, 541
What are the prime factors of 3550186?
2, 853, 2081
List the prime factors of 599171.
359, 1669
List the prime factors of 143217.
3, 15913
List the prime factors of 5635.
5, 7, 23
What are the prime factors of 73924?
2, 18481
List the prime factors of 511492.
2, 127873
List the prime factors of 1372025.
5, 54881
List the prime factors of 480521.
480521
What are the prime factors of 16425981?
3, 11, 13, 12763
List the prime factors of 61486.
2, 71, 433
List the prime factors of 666119.
666119
List the prime factors of 3426105.
3, 5, 71, 3217
What are the prime factors of 556351?
556351
List the prime factors of 465919.
17, 27407
List the prime factors of 8898048.
2, 3, 1931
List the prime factors of 889724.
2, 11, 73, 277
List the prime factors of 4990084.
2, 11, 19, 47, 127
What are the prime factors of 797329?
13, 61333
What are the prime factors of 10990669?
10990669
What are the prime factors of 184256?
2, 2879
List the prime factors of 539352.
2, 3, 11, 227
What are the prime factors of 924323?
924323
What are the prime factors of 102618?
2, 3, 5701
What are the prime factors of 1401353?
61, 22973
What are the prime factors of 90143?
109, 827
List the prime factors of 306280.
2, 5, 13, 19, 31
List the prime factors of 1365428.
2, 341357
List the prime factors of 5524134.
2, 3, 7, 11, 1087
List the prime factors of 178204.
2, 13, 23, 149
List the prime factors of 166813.
107, 1559
What are the prime factors of 503960?
2, 5, 43, 293
List the prime factors of 12228202.
2, 7, 17, 191, 269
List the prime factors of 535310.
2, 5, 199, 269
List the prime factors of 2303002.
2, 13, 101, 877
List the prime factors of 10678518.
2, 3, 593251
What are the prime factors of 691900?
2, 5, 11, 17, 37
List the prime factors of 850408.
2, 13, 17, 37
What are the prime factors of 1317071?
7, 26879
What are the prime factors of 434483?
7, 8867
What are the prime factors of 23145?
3, 5, 1543
What are the prime factors of 1114018?
2, 653, 853
List the prime factors of 284422.
2, 142211
List the prime factors of 310061.
19, 16319
What are the prime factors of 18041571?
3, 53, 109, 347
What are the prime factors of 751926?
2, 3, 7, 17903
List the prime factors of 148945.
5, 29789
List the prime factors of 27391141.
19, 67, 21517
List the prime factors of 25230269.
251, 100519
List the prime factors of 132668.
2, 17, 1951
List the prime factors of 214335.
3, 5, 11, 433
List the prime factors of 3133172.
2, 7, 149, 751
List the prime factors of 265690.
2, 5, 163
List the prime factors of 459395.
5, 139, 661
List the prime factors of 422041.
422041
List the prime factors of 5288695.
5, 1057739
What are the prime factors of 4454931?
3, 13, 114229
List the prime factors of 105390.
2, 3, 5, 1171
What are the prime factors of 229249?
229249
What are the prime factors of 555273?
3, 103, 599
What are the prime factors of 451305?
3, 5, 3343
List the prime factors of 182300.
2, 5, 1823
What are the prime factors of 3662648?
2, 11, 41621
List the prime factors of 3480543.
3, 11, 11719
What are the prime factors of 388641?
3, 11, 11777
What are the prime factors of 1911243?
3, 31, 20551
List the prime factors of 15261750.
2, 3, 5, 7, 17, 19
What are the prime factors of 1507510?
2, 5, 233, 647
List the prime factors of 111196.
2, 27799
List the prime factors of 18866129.
47, 401407
List the prime factors of 4603200.
2, 3, 5, 7, 137
What are the prime factors of 3347577?
3, 431, 863
What are the prime factors of 5460146?
2, 157, 17389
List the prime factors of 90919.
23, 59, 67
List the prime factors of 8544336.
2, 3, 17, 37, 2